Let j be 12303 - (-25 + (63 - 22)). Calculate the highest common divisor of 33 and j.
11
Suppose 3*c + 3*b - 402 = 0, 2*c = -2*c + 3*b + 550. Let n be (c + 3/(-3))*1. Suppose 0 = -3*a + 6*a - n. What is the greatest common factor of 30 and a?
15
Let j(n) = -n**3 - 45*n**2 + 33*n - 150. Let k be j(-46). What is the highest common divisor of k and 616?
56
Suppose -3*w + 20 = -25. Suppose 8*u = 3*u + w, -151 = -5*d + 3*u. What is the highest common factor of 4 and d?
4
Let m(u) = 16*u - 22. Let y be m(11). Suppose 0 = -8*x + 51*x - 1204. Calculate the greatest common factor of x and y.
14
Suppose -3*g + 478 = 4*a - 1018, 4*g - 3*a - 2028 = 0. What is the highest common divisor of g and 576?
72
Suppose 63*w - 5509 + 1918 = 0. What is the highest common divisor of w and 494?
19
Let f = -26 - -52. Let k = -38 + f. Let t be 162/15*(-30)/k. Calculate the highest common factor of t and 297.
27
Let g(q) = 4*q**3 + q**2 + 5*q + 9. Let t be g(4). Let i = 341 - t. What is the greatest common factor of i and 280?
40
Let u = -6975 + 7263. What is the greatest common factor of u and 3264?
96
Let j = -35 + 53. Let i be -12*(-5)/30*3. Suppose -i*c = c - 63. Calculate the greatest common factor of j and c.
9
Suppose -611*q - 7392 = -659*q. What is the greatest common factor of 98 and q?
14
Suppose 4*h + 31 = -5. Let b be (270/25)/(h/(-210)). Suppose 82 = -5*s + b. Calculate the greatest common divisor of 136 and s.
34
Let t = -6133 - -7680. Calculate the highest common divisor of t and 182.
91
Let u(z) = 6*z**2 + 611*z - 708. Let g be u(-103). Calculate the highest common factor of 7787 and g.
13
Let v = 178 + -170. Suppose v*m - 7*m = 0, -3*c - 4*m + 288 = 0. Calculate the highest common divisor of 36 and c.
12
Let c be (-6)/(26/(-117) - (-40)/342). Suppose -20*d + 1425 = -5*d. Calculate the highest common factor of d and c.
19
Let n(l) = -7*l**2 + 4*l. Let t be n(1). Let x be (3060/(-51))/(1/t). What is the greatest common factor of 20 and x?
20
Let c = -4107 - -6699. What is the highest common divisor of 243 and c?
81
Suppose 8*i - 3*i = 20. Suppose y = -5*x + 2, -i*x = -4*y - 1 - 15. Let j = 221 + -214. What is the highest common factor of x and j?
1
Let c(x) = -7*x + 11. Let p = -47 - -54. Let w(q) = -5*q + 35. Let z be w(p). Let h be c(z). What is the highest common factor of 33 and h?
11
Let t(r) = 19*r**3 - 61*r**2 + 131*r + 1. Let u be t(2). Let x(w) = w + 3. Let o be x(6). Calculate the greatest common divisor of o and u.
9
Suppose 0 = -2*a + 5*a - 6. Suppose 0 = -5*x + a*f + 442, 4*x - 5*f = 2*x + 160. Suppose -10*b = -5*b - x. What is the highest common factor of 108 and b?
18
Let y be (3 - 55/20) + 7659/36. Calculate the greatest common factor of 497 and y.
71
Let o be ((-4)/(-10))/((-314)/785) - (-2)/1. Calculate the greatest common factor of o and 1543.
1
Suppose 82*o - 221*o - 127*o = -236208. Calculate the highest common factor of o and 555.
111
Let p be (-2 + -6)*(-605)/88. Suppose 0 = -p*j - 5740 + 17675. What is the highest common factor of 7 and j?
7
Suppose 3*n = 4*q - 597, 0 = 3*n - 3. Let k = q - 126. What is the highest common factor of k and 48?
24
Let s = 36484 - 33508. What is the highest common divisor of 608 and s?
32
Suppose 100 = 18*u - 350. Suppose -9*w = -u*w + 64. What is the greatest common factor of w and 82?
2
Suppose 3*b - 305 = 2*b. Suppose -4*j + 3*d - 7*d = 244, -5*j = 3*d + b. Let x = j + 116. What is the greatest common divisor of 22 and x?
11
Let f = 25107 - 24739. Calculate the highest common factor of f and 116.
4
Let f(g) = -4*g**3 + 8*g**2 - 7*g + 7. Let l be f(5). Let b = l - -537. Let t be 12 + 4 + (-6)/(-2). What is the greatest common factor of b and t?
19
Suppose 0 = 3*f + 2*f + 5*h - 35, -4*f - 2*h + 18 = 0. Let m = 24 - f. Suppose -30 - 5 = -5*o - 5*a, 0 = 4*a + 16. What is the highest common factor of m and o?
11
Let v be 2817/4 - ((-84)/(-16) + -6). Suppose 13*w - 179 = v. Calculate the greatest common factor of 4 and w.
4
Suppose -4*b + 22 = -3*b. Suppose 112*y - 183*y + 23100 = 34*y. What is the highest common factor of b and y?
22
Let u = 7673 + -7574. Suppose 5*y - 3 = 52. What is the greatest common divisor of y and u?
11
Let i = -98 + 103. Let y be (i - (30 - 1))*-1. Suppose 5 = 3*m - 13. Calculate the highest common divisor of m and y.
6
Let z(c) = -c**2 - 27*c - 44. Suppose -13*k - 59 = 266. Let g be z(k). Calculate the highest common factor of g and 54.
6
Let q(b) = -8*b + 8. Let n be q(0). Let l be ((-5)/10)/(2/(-8)). Let w be 1/l - (-381)/6. What is the highest common divisor of n and w?
8
Let p = -33 - -77. Suppose 54*k = p*k + 1100. Calculate the highest common factor of k and 22.
22
Let p be -5*(-8)/(-160) + (-9331)/(-28). What is the highest common factor of 2 and p?
1
Suppose 0*r = 2*r - 4. Suppose -3*c - z = r*z - 27, c + 1 = z. Calculate the highest common divisor of c and 4.
4
Suppose 0 = -7*b + 3*b + 36. Suppose -3*n = 3*w - 39, -2 = -n - 3*w + 1. Let c be (n/(-8))/(9/(-24)). Calculate the greatest common factor of b and c.
3
Let h = 24 + 97. Let b(j) = -2*j**3 - 14*j**2 - 5*j - 8. Let n be b(-7). Suppose -n = -12*s + 105. Calculate the highest common divisor of s and h.
11
Let f(s) = s**3 + 16*s**2 + 11*s + 74. Let p be f(-15). Suppose 5*i = 271 + p. What is the highest common factor of i and 90?
9
Let q = -43691 - -45553. Calculate the greatest common factor of 418 and q.
38
Let n be ((-21)/9 - -4)*36. Let x be ((-1)/(-2))/(2/n). Let p(g) = 2*g - 15. Let v be p(x). What is the highest common factor of 45 and v?
15
Let u(v) = 398*v - 134910. Let i be u(341). Suppose 0 = w - 38 - 63. Calculate the highest common factor of w and i.
101
Let x(j) = -77*j - 1. Let f(d) = 26*d + 1. Let o(b) = -8*f(b) - 3*x(b). Let u be o(1). What is the highest common factor of 225 and u?
9
Let n = 1420 - 810. Let b(x) = -x + 4. Let v be b(0). Suppose -n = -v*a + 314. What is the greatest common divisor of 21 and a?
21
Suppose 0 = 154*m - 68*m - 73*m - 520. What is the greatest common factor of m and 1280?
40
Let p be 2 + -2 + 0 - (4 + -340). Let f be p/(3/9 + -1). Let z be (f/16)/((-1)/(-4)*-3). What is the greatest common factor of z and 21?
21
Suppose 5*k - 56 = 4. Suppose 3*r = 3*u - 48, -14*u - r = -k*u - 20. Calculate the greatest common factor of u and 30.
6
Let t(f) = 166*f**2 - 50*f - 108. Let c be t(-7). Calculate the highest common divisor of c and 24.
24
Suppose 24*x - 1008 - 413 = 523. What is the greatest common divisor of x and 432?
27
Let a be (6 - (-42)/(-12))/((-1)/(-6)). Suppose -122 = -21*r + 88. Calculate the greatest common factor of r and a.
5
Let g = -29 + 65. Suppose 0 = -86*x + 88*x - 60. Let s be x/(-45) + (-58)/(-6). Calculate the greatest common divisor of s and g.
9
Suppose 3*n + 107 = 5*g, 182 + 90 = 22*g + n. Let c(s) = -5*s**2 - 8*s - 1. Let l be c(-6). Let r = 36 - l. Calculate the greatest common factor of g and r.
13
Let v = 36140 - 34655. What is the highest common divisor of 765 and v?
45
Let p(i) = -2054*i**3 + 19*i**2 - 5*i + 5. Let n be p(-3). What is the greatest common divisor of 11 and n?
11
Suppose 17*t = -3*t + 40. Suppose 0 = -5*j - t*c + 69, -3*j + 5*j - 22 = 2*c. Calculate the greatest common factor of 1 and j.
1
Let u(j) = -j**2 + j. Let b be u(1). Suppose -d - 6*d + 154 = b. Let o(c) = c**2 - c - 8. Let p be o(-5). What is the highest common divisor of d and p?
22
Suppose -3*x = -200 + 29. Suppose 0 = 6*d - 302 - 952. What is the highest common divisor of d and x?
19
Let v(k) be the second derivative of 23*k**5/20 + k**4/6 + k**3/3 - 3*k**2/2 - 124*k. Let b be v(1). What is the greatest common divisor of 312 and b?
24
Suppose 0 = 5*y + 148 - 1193. Let l(n) = -n + 109. Let r be l(53). Suppose 2*c - y + 3 = -4*w, 2*c = -w + r. What is the highest common divisor of w and 150?
50
Suppose -3 = -25*z + 22*z, -5*x = -z + 696. Let c = -69 - x. Calculate the highest common divisor of c and 28.
14
Let z(k) = -13*k**2 + 94*k - 9. Let v be z(6). What is the greatest common factor of v and 7424?
29
Let g = 5 - 2. Let t = 18 - g. Let k be (-1317)/(-8) + 72/192. What is the greatest common divisor of t and k?
15
Suppose 4*d - 211 = -q, 14*q - 214 = -4*d + 12*q. Calculate the highest common divisor of d and 416.
52
Suppose -2*p = 2*h - 15 - 39, 0 = 4*p - 4*h - 76. Sup